{"id":61,"date":"2011-08-20T08:38:47","date_gmt":"2011-08-20T08:38:47","guid":{"rendered":"http:\/\/www.hippocheck.com\/?page_id=61"},"modified":"2012-04-29T11:35:36","modified_gmt":"2012-04-29T11:35:36","slug":"ultraschalluntersuchung","status":"publish","type":"page","link":"https:\/\/hippocheck.com\/ankaufsuntersuchung\/ablauf-der-untersuchungen\/ultraschalluntersuchung\/","title":{"rendered":"Ultraschalluntersuchung"},"content":{"rendered":"<p>Die Ultraschalluntersuchung dient vor allem daf\u00fcr, klinische Auff\u00e4lligkeiten genauer zu untersuchen. Sie wird routinem\u00e4\u00dfig &#8211; au\u00dfer bei Zuchttauglichkeitsuntersuchungen \u2013 im Rahmen von Ver- und Ankaufsuntersuchungen normalerweise nicht durchgef\u00fchrt. Das liegt daran, dass es ziemlich unwahrscheinlich ist, dass bei routinem\u00e4\u00dfigen Ultraschalluntersuchungen klinisch bedeutende Entdeckungen gemacht werden. Hingegen ist eine falsche Diagnosestellung durch das Auftreten von Artefakten h\u00e4ufig.<\/p>\n<p>Die Ultraschalluntersuchung macht jedoch besonderen Sinn, wenn klinische Beobachtungen gemacht wurden und man deren Ursache oder deren Ausma\u00df \u00a0genauer untersuchen m\u00f6chte. Dies ist besonders h\u00e4ufig im Bereich der Sehnen und B\u00e4nder der distalen Gliedma\u00dfen der Fall. Weiterhin findet die Ultraschalluntersuchung als wichtiges bildgebendes Verfahren generell Verwendung bei der Untersuchung des Bewegungsapparates, des Gastrointestinaltraktes, des Herzens, der Lunge und manchmal auch anderen Organen wie zum Beispiel den Augen.<\/p>\n","protected":false},"excerpt":{"rendered":"<p>Die Ultraschalluntersuchung dient vor allem daf\u00fcr, klinische Auff\u00e4lligkeiten genauer zu untersuchen. Sie wird routinem\u00e4\u00dfig &#8211; au\u00dfer bei Zuchttauglichkeitsuntersuchungen \u2013 im Rahmen von Ver- und Ankaufsuntersuchungen normalerweise nicht durchgef\u00fchrt. Das liegt daran, dass es ziemlich unwahrscheinlich ist, dass bei routinem\u00e4\u00dfigen Ultraschalluntersuchungen klinisch bedeutende Entdeckungen gemacht werden. Hingegen ist eine falsche Diagnosestellung durch das Auftreten von Artefakten [&hellip;]<\/p>\n","protected":false},"author":4,"featured_media":0,"parent":76,"menu_order":5,"comment_status":"open","ping_status":"open","template":"2column_child.php","meta":{"footnotes":""},"class_list":["post-61","page","type-page","status-publish","hentry"],"aioseo_notices":[],"_links":{"self":[{"href":"https:\/\/hippocheck.com\/ankaufsuntersuchung\/wp-json\/wp\/v2\/pages\/61","targetHints":{"allow":["GET"]}}],"collection":[{"href":"https:\/\/hippocheck.com\/ankaufsuntersuchung\/wp-json\/wp\/v2\/pages"}],"about":[{"href":"https:\/\/hippocheck.com\/ankaufsuntersuchung\/wp-json\/wp\/v2\/types\/page"}],"author":[{"embeddable":true,"href":"https:\/\/hippocheck.com\/ankaufsuntersuchung\/wp-json\/wp\/v2\/users\/4"}],"replies":[{"embeddable":true,"href":"https:\/\/hippocheck.com\/ankaufsuntersuchung\/wp-json\/wp\/v2\/comments?post=61"}],"version-history":[{"count":6,"href":"https:\/\/hippocheck.com\/ankaufsuntersuchung\/wp-json\/wp\/v2\/pages\/61\/revisions"}],"predecessor-version":[{"id":332,"href":"https:\/\/hippocheck.com\/ankaufsuntersuchung\/wp-json\/wp\/v2\/pages\/61\/revisions\/332"}],"up":[{"embeddable":true,"href":"https:\/\/hippocheck.com\/ankaufsuntersuchung\/wp-json\/wp\/v2\/pages\/76"}],"wp:attachment":[{"href":"https:\/\/hippocheck.com\/ankaufsuntersuchung\/wp-json\/wp\/v2\/media?parent=61"}],"curies":[{"name":"wp","href":"https:\/\/api.w.org\/{rel}","templated":true}]}}