{"id":56,"date":"2011-08-20T08:36:24","date_gmt":"2011-08-20T08:36:24","guid":{"rendered":"http:\/\/www.hippocheck.com\/?page_id=56"},"modified":"2012-04-29T11:34:12","modified_gmt":"2012-04-29T11:34:12","slug":"zuchttauglichkeitsuntersuchung","status":"publish","type":"page","link":"https:\/\/hippocheck.com\/ankaufsuntersuchung\/ankaufsuntersuchung-aku-bei-hippocheck-com\/zuchttauglichkeitsuntersuchung\/","title":{"rendered":"Zuchttauglichkeitsuntersuchung"},"content":{"rendered":"<p>Eine erg\u00e4nzende gyn\u00e4kologische bzw. eine Untersuchung des Pferdes auf Zuchttauglichkeit sollte im Rahmen von Ankaufsuntersuchungen immer stattfinden, wenn die zu untersuchenden Tiere unmittelbar oder zu einem sp\u00e4teren Zeitpunkt m\u00f6glicherweise zur Zucht eingesetzt werden sollen.<\/p>\n<p>Hierbei ist es h\u00e4ufig sehr aufschlussreich, sich zun\u00e4chst beim Vorbesitzer \u00fcber eventuelle zur\u00fcckliegende Tr\u00e4chtigkeiten, Geburten, Geburtsprobleme \u00a0und beim Hengst \u00fcber das m\u00f6glicherweise vorliegende Deckregister (laut Viehverkehrsverordnung vorgeschriebenes Dokument, wenn der Hengst zur Bedeckung fremder Stuten eingesetzt wird) zu informieren. Der Untersuchungsablauf wird -wie auch bei allen anderen Untersuchungen- selbstverst\u00e4ndlich mit den Auftraggebern und Pferdebesitzern abgesprochen und kann somit von dem hier beschriebenen abweichen. Bei der Stute folgt auf die Untersuchung der \u00e4u\u00dferen Geschlechtsorgane die rektale Untersuchung von Geb\u00e4rmutterhals, Uterus, Eierst\u00f6cken usw.<\/p>\n<p>Nach der rektalen Untersuchung wird eine Ultraschalluntersuchung durchgef\u00fchrt, wobei der Zustand der Eierst\u00f6cke, der Uterus auf Fl\u00fcssigkeitsf\u00fcllung und beispielsweise auf das eventuelle Vorliegen von Zysten beurteilt wird. Gleichzeitig wird die Stute hierbei auf Tr\u00e4chtigkeit kontrolliert, was ebenfalls nicht zum \u00fcblichen Bestandteil der Kaufuntersuchung geh\u00f6rt und ohne Zuchttauglichkeitsuntersuchung zus\u00e4tzlich bei bestehendem Verdacht (z.B. \u201eWeideunfall\u201c) in Auftrag gegeben werden muss. Darauf folgt eine vaginale Untersuchung, wobei eventuelle fr\u00fchere Geburtsverletzungen von Vagina und Geb\u00e4rmutterhals in Form von Narben, Verklebungen und andere Auff\u00e4lligkeiten deutlich werden k\u00f6nnen.<\/p>\n<p>Ob der Geschlechtsapparat der Stute zum Zeitpunkt der Untersuchung von Infektionserregern befallen ist, l\u00e4sst sich am besten anhand einer Sp\u00fclprobe bzw. einer Tupferprobe feststellen. Diese werden im Labor mikroskopisch und durch Anz\u00fcchtung der vorliegenden Keime auf einem N\u00e4hrmedium untersucht. Prognostische Aussagen bez\u00fcglich der m\u00f6glichen Zuchttauglichkeit der Stute lassen sich jedoch am besten mithilfe einer so genannten Uterusbiopsie, bei der auch die tiefer liegenden Gewebsschichten untersucht werden, machen. Hierf\u00fcr wird aus dem Uterus eine kleine Gewebeprobe entnommen und anschlie\u00dfend durch eine Speziallabor mikroskopisch beurteilt.<\/p>\n<p>Beim Hengst werden die Geschlechtsorgane auf Anomalien und m\u00f6glicherweise vorhandene Geschlechtskrankheiten untersucht, wobei zus\u00e4tzlich bakteriologische und virologische Untersuchungsverfahren Anwendung finden. Das Deckverhalten des Hengstes wird \u00fcberpr\u00fcft und anschlie\u00dfend wird das von dem Hengst gewonnene Sperma mikroskopisch auf Qualit\u00e4t und Quantit\u00e4t beurteilt.<\/p>\n","protected":false},"excerpt":{"rendered":"<p>Eine erg\u00e4nzende gyn\u00e4kologische bzw. eine Untersuchung des Pferdes auf Zuchttauglichkeit sollte im Rahmen von Ankaufsuntersuchungen immer stattfinden, wenn die zu untersuchenden Tiere unmittelbar oder zu einem sp\u00e4teren Zeitpunkt m\u00f6glicherweise zur Zucht eingesetzt werden sollen. Hierbei ist es h\u00e4ufig sehr aufschlussreich, sich zun\u00e4chst beim Vorbesitzer \u00fcber eventuelle zur\u00fcckliegende Tr\u00e4chtigkeiten, Geburten, Geburtsprobleme \u00a0und beim Hengst \u00fcber das [&hellip;]<\/p>\n","protected":false},"author":4,"featured_media":0,"parent":2,"menu_order":3,"comment_status":"open","ping_status":"open","template":"2column_child.php","meta":{"footnotes":""},"class_list":["post-56","page","type-page","status-publish","hentry"],"aioseo_notices":[],"_links":{"self":[{"href":"https:\/\/hippocheck.com\/ankaufsuntersuchung\/wp-json\/wp\/v2\/pages\/56","targetHints":{"allow":["GET"]}}],"collection":[{"href":"https:\/\/hippocheck.com\/ankaufsuntersuchung\/wp-json\/wp\/v2\/pages"}],"about":[{"href":"https:\/\/hippocheck.com\/ankaufsuntersuchung\/wp-json\/wp\/v2\/types\/page"}],"author":[{"embeddable":true,"href":"https:\/\/hippocheck.com\/ankaufsuntersuchung\/wp-json\/wp\/v2\/users\/4"}],"replies":[{"embeddable":true,"href":"https:\/\/hippocheck.com\/ankaufsuntersuchung\/wp-json\/wp\/v2\/comments?post=56"}],"version-history":[{"count":8,"href":"https:\/\/hippocheck.com\/ankaufsuntersuchung\/wp-json\/wp\/v2\/pages\/56\/revisions"}],"predecessor-version":[{"id":317,"href":"https:\/\/hippocheck.com\/ankaufsuntersuchung\/wp-json\/wp\/v2\/pages\/56\/revisions\/317"}],"up":[{"embeddable":true,"href":"https:\/\/hippocheck.com\/ankaufsuntersuchung\/wp-json\/wp\/v2\/pages\/2"}],"wp:attachment":[{"href":"https:\/\/hippocheck.com\/ankaufsuntersuchung\/wp-json\/wp\/v2\/media?parent=56"}],"curies":[{"name":"wp","href":"https:\/\/api.w.org\/{rel}","templated":true}]}}