{"id":433,"date":"2013-05-01T08:22:51","date_gmt":"2013-05-01T08:22:51","guid":{"rendered":"http:\/\/www.hippocheck.com\/ankaufsuntersuchung\/?page_id=433"},"modified":"2013-05-01T08:24:02","modified_gmt":"2013-05-01T08:24:02","slug":"login","status":"publish","type":"page","link":"https:\/\/hippocheck.com\/ankaufsuntersuchung\/login\/","title":{"rendered":"Login"},"content":{"rendered":"<p>Hier k\u00f6nnen Tier\u00e4rzte untereinander R\u00f6ntgenbefunde besprechen.<\/p>\n","protected":false},"excerpt":{"rendered":"<p>Hier k\u00f6nnen Tier\u00e4rzte untereinander R\u00f6ntgenbefunde besprechen.<\/p>\n","protected":false},"author":4,"featured_media":0,"parent":0,"menu_order":9,"comment_status":"open","ping_status":"open","template":"1column.php","meta":{"footnotes":""},"class_list":["post-433","page","type-page","status-publish","hentry"],"aioseo_notices":[],"_links":{"self":[{"href":"https:\/\/hippocheck.com\/ankaufsuntersuchung\/wp-json\/wp\/v2\/pages\/433","targetHints":{"allow":["GET"]}}],"collection":[{"href":"https:\/\/hippocheck.com\/ankaufsuntersuchung\/wp-json\/wp\/v2\/pages"}],"about":[{"href":"https:\/\/hippocheck.com\/ankaufsuntersuchung\/wp-json\/wp\/v2\/types\/page"}],"author":[{"embeddable":true,"href":"https:\/\/hippocheck.com\/ankaufsuntersuchung\/wp-json\/wp\/v2\/users\/4"}],"replies":[{"embeddable":true,"href":"https:\/\/hippocheck.com\/ankaufsuntersuchung\/wp-json\/wp\/v2\/comments?post=433"}],"version-history":[{"count":6,"href":"https:\/\/hippocheck.com\/ankaufsuntersuchung\/wp-json\/wp\/v2\/pages\/433\/revisions"}],"predecessor-version":[{"id":439,"href":"https:\/\/hippocheck.com\/ankaufsuntersuchung\/wp-json\/wp\/v2\/pages\/433\/revisions\/439"}],"wp:attachment":[{"href":"https:\/\/hippocheck.com\/ankaufsuntersuchung\/wp-json\/wp\/v2\/media?parent=433"}],"curies":[{"name":"wp","href":"https:\/\/api.w.org\/{rel}","templated":true}]}}