{"id":22,"date":"2011-08-19T19:29:51","date_gmt":"2011-08-19T19:29:51","guid":{"rendered":"http:\/\/hippocheck.com\/?page_id=22"},"modified":"2012-06-14T14:39:52","modified_gmt":"2012-06-14T14:39:52","slug":"rontgenuntersuchung","status":"publish","type":"page","link":"https:\/\/hippocheck.com\/ankaufsuntersuchung\/ablauf-der-untersuchungen\/rontgenuntersuchung\/","title":{"rendered":"R\u00f6ntgenuntersuchung"},"content":{"rendered":"<p><\/a>H\u00e4ufig sind im Rahmen von Ankaufsuntersuchungen zus\u00e4tzlich zur klinischen Untersuchung R\u00f6ntgenbilder zur genaueren Beurteilung des untersuchten Pferdes angezeigt. Die r\u00f6ntgenologische Untersuchung kann standardm\u00e4\u00dfig nach dem in Deutschland h\u00e4ufig verwendeten \u201eLeitfaden f\u00fcr die r\u00f6ntgenologische Beurteilung bei der Kaufuntersuchung des Pferdes (R\u00f6ntgenleitfaden 2007)\u201c durchgef\u00fchrt werden. Zum Standard geh\u00f6ren hiernach 10-12 Aufnahmen, bzw. zum erweiterten Standard zus\u00e4tzlich Aufnahmen von den Knien und dem R\u00fccken.<\/p>\n<p>F\u00fcr die Beurteilung wird eine Unterteilung in 4 Klassen vorgenommen:<\/p>\n<ul>\n<li>Klasse I: R\u00f6ntgenologisch ohne besonderen Befund und Befunde, die als anatomische Formvarianten eingestuft werden (Idealzustand).<\/li>\n<li>Klasse II: Befunde, die gering von der Norm abweichen, bei denen das Auftreten von klinische Erscheinungen in unbestimmter Zeit mit einer H\u00e4ufigkeit unter 3 % gesch\u00e4tzt wird (Normzustand).<\/li>\n<li>Klasse III: Befunde, die von der Norm abweichen, bei denen das Auftreten von klinischen Erscheinungen in unbestimmter Zeit mit einer H\u00e4ufigkeit von 5% bis 20% gesch\u00e4tzt wird.<\/li>\n<li>Klasse IV: Befunde, die erheblich von der Norm abweichen, bei denen klinische Erscheinungen wahrscheinlich (\u00fcber 50%) sind (Risikozustand).<\/li>\n<\/ul>\n<p>Zus\u00e4tzlich zu den oben genannten Klassen sind so genannte Zwischenklassen m\u00f6glich. Diese sollen zum Ausdruck bringen, dass unterschiedliche Untersucher aufgrund pers\u00f6nlicher Erfahrungen m\u00f6glicherweise eine voneinander abweichende Klasseneinteilung vornehmen w\u00fcrden.<\/p>\n<p>Es ist hierbei anzumerken, dass es sich bei den im R\u00f6ntgenleitfaden beschriebenen Bildern um so genannte \u00dcbersichtsaufnahmen handelt. Die Detailerkennbarkeit ist daher geringer als wenn die Bilder von den jeweiligen Strukturen beziehungsweise Gelenken einzeln und zus\u00e4tzlich aus verschiedenen Ebenen aufgenommen werden. Der Tierarzt kann nur beurteilen was auf dem R\u00f6ntgenbild tats\u00e4chlich zu sehen ist. Gegebenenfalls sollten zur Verifizierung eines schwerwiegenden Befundes, bzw. im Zweifellsfalle weitere Detailaufnahmen angefertigt werden.<\/p>\n<p>Der R\u00f6ntgenleitfaden der Gesellschaft f\u00fcr Pferdemedizin e.V. und der Bundestier\u00e4rztekammer zum Download:<\/p>\n<p><a href=\"http:\/\/www.hippocheck.com\/ankaufsuntersuchung\/wp-content\/uploads\/2011\/08\/R%C3%B6ntgenleitfaden_2007.pdf\">R\u00f6ntgenleitfaden 2007<\/a><\/p>\n<p>Illustrative Mindeststandardaufnahmen zur Beurteilung nach dem R\u00f6ntgenleitfaden:<\/p>\n\n\t\t<style type=\"text\/css\">\n\t\t\t#gallery-1 {\n\t\t\t\tmargin: auto;\n\t\t\t}\n\t\t\t#gallery-1 .gallery-item {\n\t\t\t\tfloat: left;\n\t\t\t\tmargin-top: 10px;\n\t\t\t\ttext-align: center;\n\t\t\t\twidth: 33%;\n\t\t\t}\n\t\t\t#gallery-1 img {\n\t\t\t\tborder: 2px solid #cfcfcf;\n\t\t\t}\n\t\t\t#gallery-1 .gallery-caption {\n\t\t\t\tmargin-left: 0;\n\t\t\t}\n\t\t\t\/* see gallery_shortcode() in wp-includes\/media.php *\/\n\t\t<\/style>\n\t\t<div id='gallery-1' class='gallery galleryid-22 gallery-columns-3 gallery-size-thumbnail'><dl class='gallery-item'>\n\t\t\t<dt class='gallery-icon landscape'>\n\t\t\t\t<a href='https:\/\/hippocheck.com\/ankaufsuntersuchung\/ablauf-der-untersuchungen\/rontgenuntersuchung\/zehe90rechts\/'><img loading=\"lazy\" decoding=\"async\" width=\"150\" height=\"150\" src=\"https:\/\/hippocheck.com\/ankaufsuntersuchung\/wp-content\/uploads\/2011\/08\/Zehe90^rechts-150x150.jpg\" class=\"attachment-thumbnail size-thumbnail\" alt=\"\" \/><\/a>\n\t\t\t<\/dt><\/dl><dl class='gallery-item'>\n\t\t\t<dt class='gallery-icon landscape'>\n\t\t\t\t<a href='https:\/\/hippocheck.com\/ankaufsuntersuchung\/ablauf-der-untersuchungen\/rontgenuntersuchung\/zehe90%c2%b0links\/'><img loading=\"lazy\" decoding=\"async\" width=\"150\" height=\"150\" src=\"https:\/\/hippocheck.com\/ankaufsuntersuchung\/wp-content\/uploads\/2011\/08\/Zehe90\u00b0links-150x150.jpg\" class=\"attachment-thumbnail size-thumbnail\" alt=\"\" \/><\/a>\n\t\t\t<\/dt><\/dl><dl class='gallery-item'>\n\t\t\t<dt class='gallery-icon landscape'>\n\t\t\t\t<a href='https:\/\/hippocheck.com\/ankaufsuntersuchung\/ablauf-der-untersuchungen\/rontgenuntersuchung\/zehe90%c2%b0hi_re\/'><img loading=\"lazy\" decoding=\"async\" width=\"150\" height=\"150\" src=\"https:\/\/hippocheck.com\/ankaufsuntersuchung\/wp-content\/uploads\/2011\/08\/Zehe90\u00b0hi_re-150x150.jpg\" class=\"attachment-thumbnail size-thumbnail\" alt=\"\" \/><\/a>\n\t\t\t<\/dt><\/dl><br style=\"clear: both\" \/><dl class='gallery-item'>\n\t\t\t<dt class='gallery-icon landscape'>\n\t\t\t\t<a href='https:\/\/hippocheck.com\/ankaufsuntersuchung\/ablauf-der-untersuchungen\/rontgenuntersuchung\/zehe90%c2%b0hi_li\/'><img loading=\"lazy\" decoding=\"async\" width=\"150\" height=\"150\" src=\"https:\/\/hippocheck.com\/ankaufsuntersuchung\/wp-content\/uploads\/2011\/08\/Zehe90\u00b0hi_li-150x150.jpg\" class=\"attachment-thumbnail size-thumbnail\" alt=\"\" \/><\/a>\n\t\t\t<\/dt><\/dl><dl class='gallery-item'>\n\t\t\t<dt class='gallery-icon portrait'>\n\t\t\t\t<a href='https:\/\/hippocheck.com\/ankaufsuntersuchung\/ablauf-der-untersuchungen\/rontgenuntersuchung\/oxspring_vo_li\/'><img loading=\"lazy\" decoding=\"async\" width=\"150\" height=\"150\" src=\"https:\/\/hippocheck.com\/ankaufsuntersuchung\/wp-content\/uploads\/2011\/08\/Oxspring_vo_li-150x150.jpg\" class=\"attachment-thumbnail size-thumbnail\" alt=\"\" \/><\/a>\n\t\t\t<\/dt><\/dl><dl class='gallery-item'>\n\t\t\t<dt class='gallery-icon portrait'>\n\t\t\t\t<a href='https:\/\/hippocheck.com\/ankaufsuntersuchung\/ablauf-der-untersuchungen\/rontgenuntersuchung\/oxspring_vo_re\/'><img loading=\"lazy\" decoding=\"async\" width=\"150\" height=\"150\" src=\"https:\/\/hippocheck.com\/ankaufsuntersuchung\/wp-content\/uploads\/2011\/08\/Oxspring_vo_re-150x150.jpg\" class=\"attachment-thumbnail size-thumbnail\" alt=\"\" \/><\/a>\n\t\t\t<\/dt><\/dl><br style=\"clear: both\" \/><dl class='gallery-item'>\n\t\t\t<dt class='gallery-icon portrait'>\n\t\t\t\t<a href='https:\/\/hippocheck.com\/ankaufsuntersuchung\/ablauf-der-untersuchungen\/rontgenuntersuchung\/oxspring_photo\/'><img loading=\"lazy\" decoding=\"async\" width=\"150\" height=\"150\" src=\"https:\/\/hippocheck.com\/ankaufsuntersuchung\/wp-content\/uploads\/2011\/08\/Oxspring_Photo-150x150.jpg\" class=\"attachment-thumbnail size-thumbnail\" alt=\"\" \/><\/a>\n\t\t\t<\/dt><\/dl><dl class='gallery-item'>\n\t\t\t<dt class='gallery-icon portrait'>\n\t\t\t\t<a href='https:\/\/hippocheck.com\/ankaufsuntersuchung\/ablauf-der-untersuchungen\/rontgenuntersuchung\/tarsus_hi_re45%c2%b0\/'><img loading=\"lazy\" decoding=\"async\" width=\"150\" height=\"150\" src=\"https:\/\/hippocheck.com\/ankaufsuntersuchung\/wp-content\/uploads\/2011\/08\/Tarsus_hi_re45\u00b0-150x150.jpg\" class=\"attachment-thumbnail size-thumbnail\" alt=\"\" \/><\/a>\n\t\t\t<\/dt><\/dl><dl class='gallery-item'>\n\t\t\t<dt class='gallery-icon portrait'>\n\t\t\t\t<a href='https:\/\/hippocheck.com\/ankaufsuntersuchung\/ablauf-der-untersuchungen\/rontgenuntersuchung\/tarsus_hi_re135%c2%b0\/'><img loading=\"lazy\" decoding=\"async\" width=\"150\" height=\"150\" src=\"https:\/\/hippocheck.com\/ankaufsuntersuchung\/wp-content\/uploads\/2011\/08\/Tarsus_hi_re135\u00b0-150x150.jpg\" class=\"attachment-thumbnail size-thumbnail\" alt=\"\" \/><\/a>\n\t\t\t<\/dt><\/dl><br style=\"clear: both\" \/><dl class='gallery-item'>\n\t\t\t<dt class='gallery-icon portrait'>\n\t\t\t\t<a href='https:\/\/hippocheck.com\/ankaufsuntersuchung\/ablauf-der-untersuchungen\/rontgenuntersuchung\/tarsus_hi_li45%c2%b0\/'><img loading=\"lazy\" decoding=\"async\" width=\"150\" height=\"150\" src=\"https:\/\/hippocheck.com\/ankaufsuntersuchung\/wp-content\/uploads\/2011\/08\/Tarsus_hi_li45\u00b0-150x150.jpg\" class=\"attachment-thumbnail size-thumbnail\" alt=\"\" \/><\/a>\n\t\t\t<\/dt><\/dl><dl class='gallery-item'>\n\t\t\t<dt class='gallery-icon portrait'>\n\t\t\t\t<a href='https:\/\/hippocheck.com\/ankaufsuntersuchung\/ablauf-der-untersuchungen\/rontgenuntersuchung\/tarsus_hi_li_135%c2%b0\/'><img loading=\"lazy\" decoding=\"async\" width=\"150\" height=\"150\" src=\"https:\/\/hippocheck.com\/ankaufsuntersuchung\/wp-content\/uploads\/2011\/08\/Tarsus_hi_li_135\u00b0-150x150.jpg\" class=\"attachment-thumbnail size-thumbnail\" alt=\"\" \/><\/a>\n\t\t\t<\/dt><\/dl>\n\t\t\t<br style='clear: both' \/>\n\t\t<\/div>\n\n","protected":false},"excerpt":{"rendered":"<p>H\u00e4ufig sind im Rahmen von Ankaufsuntersuchungen zus\u00e4tzlich zur klinischen Untersuchung R\u00f6ntgenbilder zur genaueren Beurteilung des untersuchten Pferdes angezeigt. Die r\u00f6ntgenologische Untersuchung kann standardm\u00e4\u00dfig nach dem in Deutschland h\u00e4ufig verwendeten \u201eLeitfaden f\u00fcr die r\u00f6ntgenologische Beurteilung bei der Kaufuntersuchung des Pferdes (R\u00f6ntgenleitfaden 2007)\u201c durchgef\u00fchrt werden. Zum Standard geh\u00f6ren hiernach 10-12 Aufnahmen, bzw. zum erweiterten Standard zus\u00e4tzlich Aufnahmen [&hellip;]<\/p>\n","protected":false},"author":4,"featured_media":0,"parent":76,"menu_order":1,"comment_status":"open","ping_status":"closed","template":"2column_child.php","meta":{"footnotes":""},"class_list":["post-22","page","type-page","status-publish","hentry"],"aioseo_notices":[],"_links":{"self":[{"href":"https:\/\/hippocheck.com\/ankaufsuntersuchung\/wp-json\/wp\/v2\/pages\/22","targetHints":{"allow":["GET"]}}],"collection":[{"href":"https:\/\/hippocheck.com\/ankaufsuntersuchung\/wp-json\/wp\/v2\/pages"}],"about":[{"href":"https:\/\/hippocheck.com\/ankaufsuntersuchung\/wp-json\/wp\/v2\/types\/page"}],"author":[{"embeddable":true,"href":"https:\/\/hippocheck.com\/ankaufsuntersuchung\/wp-json\/wp\/v2\/users\/4"}],"replies":[{"embeddable":true,"href":"https:\/\/hippocheck.com\/ankaufsuntersuchung\/wp-json\/wp\/v2\/comments?post=22"}],"version-history":[{"count":25,"href":"https:\/\/hippocheck.com\/ankaufsuntersuchung\/wp-json\/wp\/v2\/pages\/22\/revisions"}],"predecessor-version":[{"id":24,"href":"https:\/\/hippocheck.com\/ankaufsuntersuchung\/wp-json\/wp\/v2\/pages\/22\/revisions\/24"}],"up":[{"embeddable":true,"href":"https:\/\/hippocheck.com\/ankaufsuntersuchung\/wp-json\/wp\/v2\/pages\/76"}],"wp:attachment":[{"href":"https:\/\/hippocheck.com\/ankaufsuntersuchung\/wp-json\/wp\/v2\/media?parent=22"}],"curies":[{"name":"wp","href":"https:\/\/api.w.org\/{rel}","templated":true}]}}