{"id":13,"date":"2011-08-19T19:27:44","date_gmt":"2011-08-19T19:27:44","guid":{"rendered":"http:\/\/hippocheck.com\/?page_id=13"},"modified":"2013-05-07T12:43:11","modified_gmt":"2013-05-07T12:43:11","slug":"hippocheck-com-stellt-sich-vor","status":"publish","type":"page","link":"https:\/\/hippocheck.com\/ankaufsuntersuchung\/hippocheck-com-stellt-sich-vor\/","title":{"rendered":"Hippocheck.com stellt sich vor!"},"content":{"rendered":"<p>Hippocheck.com unterst\u00fctzt potentielle Pferdek\u00e4ufer bei der Suche nach dem richtigen Tierarzt f\u00fcr Ankaufsuntersuchungen beim Pferd.<\/p>\n<p>Zum \u00a0Team geh\u00f6ren mehrere \u00fcber das gesamte Bundesgebiet verteilte und \u00fcberregional arbeitende Kliniken und Pferdepraxen die fachliche, technische und auch pers\u00f6nliche Voraussetzungen zur sachgem\u00e4\u00dfen Durchf\u00fchrung von tier\u00e4rztlichen Ankaufsuntersuchungen erf\u00fcllen.<\/p>\n<p>Die hier gelisteten Tier\u00e4rzte bieten veterin\u00e4rmedizinische Dienstleistungen auf einem hohen technischen und wissenschaftlichen Niveau und verstehen sich als Dienstleister an Mensch und Tier.<\/p>\n<p>Egal ob sie ein Pferd kaufen oder verkaufen wollen \u2013 Hippocheck.com ist f\u00fcr Sie da!<\/p>\n<p>&nbsp;<\/p>\n<h1>F\u00fcr Webseitenbetreiber<\/h1>\n<p>Hippocheck.com bietet Ihnen eine Datenbank von handverlesenen Tier\u00e4rzten f\u00fcr tier\u00e4rztliche Ankaufsuntersuchungen beim Pferd. Die infrage kommenden Tier\u00e4rzte k\u00f6nnen mithilfe der in den Pferdeverkaufsanzeigen mitgelieferten Standortparametern automatisch in Ihrem Pferdemarkt angezeigt werden. Wir bieten Ihnen hierf\u00fcr eine geeignete Schnittstelle oder die M\u00f6glichkeit der Einbindung der Seite \u00fcber ein Iframe. \u00a0Sprechen Sie uns an, wenn auch Sie Ihren Besuchern einen zus\u00e4tzlichen Mehrwert bieten m\u00f6chten.<\/p>\n<p>Nachfolgend zwei Beispiele wie die Webseite bei Pferdekauf.de und Caballo-Horsemarket.de eingebunden ist:<\/p>\n<p>&nbsp;<\/p>\n\n\t\t<style type=\"text\/css\">\n\t\t\t#gallery-1 {\n\t\t\t\tmargin: auto;\n\t\t\t}\n\t\t\t#gallery-1 .gallery-item {\n\t\t\t\tfloat: left;\n\t\t\t\tmargin-top: 10px;\n\t\t\t\ttext-align: center;\n\t\t\t\twidth: 25%;\n\t\t\t}\n\t\t\t#gallery-1 img {\n\t\t\t\tborder: 2px solid #cfcfcf;\n\t\t\t}\n\t\t\t#gallery-1 .gallery-caption {\n\t\t\t\tmargin-left: 0;\n\t\t\t}\n\t\t\t\/* see gallery_shortcode() in wp-includes\/media.php *\/\n\t\t<\/style>\n\t\t<div id='gallery-1' class='gallery galleryid-13 gallery-columns-4 gallery-size-thumbnail'><dl class='gallery-item'>\n\t\t\t<dt class='gallery-icon landscape'>\n\t\t\t\t<a href='https:\/\/hippocheck.com\/ankaufsuntersuchung\/wp-content\/uploads\/2011\/08\/screenshot_pferdekauf_de.jpg'><img loading=\"lazy\" decoding=\"async\" width=\"150\" height=\"150\" src=\"https:\/\/hippocheck.com\/ankaufsuntersuchung\/wp-content\/uploads\/2011\/08\/screenshot_pferdekauf_de-150x150.jpg\" class=\"attachment-thumbnail size-thumbnail\" alt=\"\" \/><\/a>\n\t\t\t<\/dt><\/dl><dl class='gallery-item'>\n\t\t\t<dt class='gallery-icon landscape'>\n\t\t\t\t<a href='https:\/\/hippocheck.com\/ankaufsuntersuchung\/wp-content\/uploads\/2011\/08\/Caballo_1.png'><img loading=\"lazy\" decoding=\"async\" width=\"150\" height=\"150\" src=\"https:\/\/hippocheck.com\/ankaufsuntersuchung\/wp-content\/uploads\/2011\/08\/Caballo_1-150x150.png\" class=\"attachment-thumbnail size-thumbnail\" alt=\"\" \/><\/a>\n\t\t\t<\/dt><\/dl><dl class='gallery-item'>\n\t\t\t<dt class='gallery-icon landscape'>\n\t\t\t\t<a href='https:\/\/hippocheck.com\/ankaufsuntersuchung\/wp-content\/uploads\/2011\/08\/Caballo_2.png'><img loading=\"lazy\" decoding=\"async\" width=\"150\" height=\"150\" src=\"https:\/\/hippocheck.com\/ankaufsuntersuchung\/wp-content\/uploads\/2011\/08\/Caballo_2-150x150.png\" class=\"attachment-thumbnail size-thumbnail\" alt=\"\" \/><\/a>\n\t\t\t<\/dt><\/dl>\n\t\t\t<br style='clear: both' \/>\n\t\t<\/div>\n\n<p>&nbsp;<\/p>\n<h1>F\u00fcr Tier\u00e4rzte<\/h1>\n<p>Hippocheck.com ist f\u00fcr Pferdek\u00e4ufer kostenfrei. Um die Objektivit\u00e4t der Webseite wahren zu k\u00f6nnen, ist ein Adresseintrag f\u00fcr die Tier\u00e4rzte ebenfalls kostenlos. Um die Seite ohne Werbung und damit m\u00f6glichst nutzerfreundlich betreiben zu k\u00f6nnen, zahlen diejenigen Tier\u00e4rzte, die Hippocheck.com f\u00f6rdern m\u00f6chten einen sehr geringen monatlichen Mitgliedsbeitrag.<\/p>\n<p><a href=\"http:\/\/www.hippocheck.com\/ankaufsuntersuchung\/342-2\/\">Informationen f\u00fcr Tier\u00e4rzte<\/a><\/p>\n<p><a href=\"http:\/\/www.hippocheck.com\/ankaufsuntersuchung\/wp-content\/uploads\/2013\/05\/HippocheckKIT-Flyer-a-low.pdf\">Hippocheck Kaufuntersuchungskit<\/a><\/p>\n<p>&nbsp;<\/p>\n<p>&nbsp;<\/p>\n<p>&nbsp;<\/p>\n<p>&nbsp;<\/p>\n<p>&nbsp;<\/p>\n<p>&nbsp;<\/p>\n<p>&nbsp;<\/p>\n<p>&nbsp;<\/p>\n","protected":false},"excerpt":{"rendered":"<p>Hippocheck.com unterst\u00fctzt potentielle Pferdek\u00e4ufer bei der Suche nach dem richtigen Tierarzt f\u00fcr Ankaufsuntersuchungen beim Pferd. Zum \u00a0Team geh\u00f6ren mehrere \u00fcber das gesamte Bundesgebiet verteilte und \u00fcberregional arbeitende Kliniken und Pferdepraxen die fachliche, technische und auch pers\u00f6nliche Voraussetzungen zur sachgem\u00e4\u00dfen Durchf\u00fchrung von tier\u00e4rztlichen Ankaufsuntersuchungen erf\u00fcllen. Die hier gelisteten Tier\u00e4rzte bieten veterin\u00e4rmedizinische Dienstleistungen auf einem hohen technischen [&hellip;]<\/p>\n","protected":false},"author":4,"featured_media":0,"parent":0,"menu_order":6,"comment_status":"open","ping_status":"open","template":"","meta":{"footnotes":""},"class_list":["post-13","page","type-page","status-publish","hentry"],"aioseo_notices":[],"_links":{"self":[{"href":"https:\/\/hippocheck.com\/ankaufsuntersuchung\/wp-json\/wp\/v2\/pages\/13","targetHints":{"allow":["GET"]}}],"collection":[{"href":"https:\/\/hippocheck.com\/ankaufsuntersuchung\/wp-json\/wp\/v2\/pages"}],"about":[{"href":"https:\/\/hippocheck.com\/ankaufsuntersuchung\/wp-json\/wp\/v2\/types\/page"}],"author":[{"embeddable":true,"href":"https:\/\/hippocheck.com\/ankaufsuntersuchung\/wp-json\/wp\/v2\/users\/4"}],"replies":[{"embeddable":true,"href":"https:\/\/hippocheck.com\/ankaufsuntersuchung\/wp-json\/wp\/v2\/comments?post=13"}],"version-history":[{"count":28,"href":"https:\/\/hippocheck.com\/ankaufsuntersuchung\/wp-json\/wp\/v2\/pages\/13\/revisions"}],"predecessor-version":[{"id":142,"href":"https:\/\/hippocheck.com\/ankaufsuntersuchung\/wp-json\/wp\/v2\/pages\/13\/revisions\/142"}],"wp:attachment":[{"href":"https:\/\/hippocheck.com\/ankaufsuntersuchung\/wp-json\/wp\/v2\/media?parent=13"}],"curies":[{"name":"wp","href":"https:\/\/api.w.org\/{rel}","templated":true}]}}